 divided by 121?
107
Calculate the remainder when 148499 is divided by 550.
549
What is the remainder when 21421 is divided by 255?
1
What is the remainder when 526 is divided by 382?
144
What is the remainder when 234477 is divided by 6896?
13
What is the remainder when 246879 is divided by 1033?
1025
What is the remainder when 24318 is divided by 57?
36
What is the remainder when 308425 is divided by 33?
7
Calculate the remainder when 712536 is divided by 115.
111
What is the remainder when 149562 is divided by 507?
504
What is the remainder when 5535 is divided by 22?
13
What is the remainder when 795 is divided by 82?
57
What is the remainder when 559 is divided by 243?
73
Calculate the remainder when 1549 is divided by 16.
13
Calculate the remainder when 5737 is divided by 527.
467
What is the remainder when 7096 is divided by 123?
85
What is the remainder when 2029 is divided by 8?
5
What is the remainder when 55092 is divided by 13773?
0
Calculate the remainder when 1935 is divided by 341.
230
Calculate the remainder when 17426 is divided by 17413.
13
What is the remainder when 27420 is divided by 9136?
12
Calculate the remainder when 26294 is divided by 147.
128
What is the remainder when 417 is divided by 14?
11
Calculate the remainder when 3099 is divided by 555.
324
Calculate the remainder when 2783 is divided by 848.
239
Calculate the remainder when 40880 is divided by 8175.
5
What is the remainder when 11596 is divided by 11551?
45
What is the remainder when 182193 is divided by 7?
4
Calculate the remainder when 7517 is divided by 3593.
331
Calculate the remainder when 9887 is divided by 26.
7
What is the remainder when 158683 is divided by 342?
337
Calculate the remainder when 21134 is divided by 3514.
50
Calculate the remainder when 16731 is divided by 102.
3
What is the remainder when 182053 is divided by 10706?
51
What is the remainder when 482 is divided by 270?
212
Calculate the remainder when 6711 is divided by 3328.
55
Calculate the remainder when 63546 is divided by 4888.
2
Calculate the remainder when 10739 is divided by 1336.
51
Calculate the remainder when 45460 is divided by 31.
14
What is the remainder when 752 is divided by 38?
30
What is the remainder when 12329 is divided by 12311?
18
Calculate the remainder when 1262 is divided by 372.
146
Calculate the remainder when 1325 is divided by 563.
199
What is the remainder when 5032 is divided by 4867?
165
What is the remainder when 6775 is divided by 2533?
1709
Calculate the remainder when 86522 is divided by 198.
194
Calculate the remainder when 619376 is divided by 36.
32
What is the remainder when 24966 is divided by 891?
18
What is the remainder when 31122 is divided by 210?
42
What is the remainder when 1614267 is divided by 134522?
3
What is the remainder when 34197 is divided by 18?
15
Calculate the remainder when 1187943 is divided by 575.
568
What is the remainder when 7581 is divided by 7225?
356
What is the remainder when 19710 is divided by 176?
174
Calculate the remainder when 2478 is divided by 2428.
50
Calculate the remainder when 5346 is divided by 743.
145
What is the remainder when 94 is divided by 10?
4
Calculate the remainder when 1926 is divided by 1291.
635
What is the remainder when 3723 is divided by 400?
123
Calculate the remainder when 65106 is divided by 108.
90
Calculate the remainder when 94412 is divided by 42.
38
Calculate the remainder when 4005 is divided by 698.
515
What is the remainder when 17197 is divided by 247?
154
Calculate the remainder when 110183 is divided by 82.
57
Calculate the remainder when 4962 is divided by 404.
114
What is the remainder when 911367 is divided by 303781?
24
What is the remainder when 25311 is divided by 744?
15
What is the remainder when 305995 is divided by 1000?
995
Calculate the remainder when 223865 is divided by 647.
3
What is the remainder when 2370 is divided by 2271?
99
What is the remainder when 20262 is divided by 320?
102
What is the remainder when 7625 is divided by 291?
59
Calculate the remainder when 38715 is divided by 162.
159
Calculate the remainder when 2304 is divided by 460.
4
Calculate the remainder when 273274 is divided by 102.
16
What is the remainder when 1740 is divided by 518?
186
What is the remainder when 369970 is divided by 21?
13
What is the remainder when 9148 is divided by 36?
4
What is the remainder when 3689 is divided by 2682?
1007
What is the remainder when 172760 is divided by 98?
84
Calculate the remainder when 943583 is divided by 235895.
3
What is the remainder when 12901 is divided by 2129?
127
Calculate the remainder when 2693 is divided by 244.
9
Calculate the remainder when 2773 is divided by 467.
438
What is the remainder when 1184 is divided by 101?
73
Calculate the remainder when 453545 is divided by 61.
10
What is the remainder when 36456 is divided by 16?
8
Calculate the remainder when 1443 is divided by 1366.
77
Calculate the remainder when 27769 is divided by 23.
8
What is the remainder when 110668 is divided by 105?
103
Calculate the remainder when 253696 is divided by 124.
116
What is the remainder when 3941 is divided by 695?
466
Calculate the remainder when 219767 is divided by 62.
39
Calculate the remainder when 1136 is divided by 282.
8
Calculate the remainder when 130300 is divided by 33.
16
Calculate the remainder when 42875 is divided by 160.
155
Calculate the remainder when 133089 is divided by 66540.
9
What is the remainder when 2155 is divided by 318?
247
What is the remainder when 36449 is divided by 702?
647
Calculate the remainder when 2507997 is divided by 114.
111
Calculate the remainder when 1652743 is divided by 601.
594
Calculate the remainder when 817 is divided by 162.
7
What is the remainder when 31648 is divided by 607?
84
What is the remainder when 112628 is divided by 156?
152
Calculate the remainder when 8931 is divided by 79.
4
What is the remainder when 2184 is divided by 508?
152
What is the remainder when 38322 is divided by 8857?
2894
What is the remainder when 1015 is divided by 352?
311
Calculate the remainder when 16733 is divided by 1210.
1003
What is the remainder when 19141 is divided by 19?
8
What is the remainder when 1416 is divided by 149?
75
What is the remainder when 15216 is divided by 84?
12
Calculate the remainder when 53405 is divided by 1368.
53
What is the remainder when 26511 is divided by 509?
43
Calculate the remainder when 2122 is divided by 2098.
24
Calculate the remainder when 23344 is divided by 7708.
220
What is the remainder when 1237 is divided by 35?
12
What is the remainder when 8322 is divided by 8315?
7
Calculate the remainder when 2692678 is divided by 60.
58
What is the remainder when 50514 is divided by 10100?
14
Calculate the remainder when 2740 is divided by 82.
34
What is the remainder when 238 is divided by 209?
29
Calculate the remainder when 116779 is divided by 20.
19
What is the remainder when 205724 is divided by 7?
1
Calculate the remainder when 290462 is divided by 392.
382
Calculate the remainder when 70376 is divided by 106.
98
What is the remainder when 82224 is divided by 308?
296
What is the remainder when 58384 is divided by 22?
18
Calculate the remainder when 1382 is divided by 37.
13
Calculate the remainder when 408 is divided by 106.
90
What is the remainder when 19704 is divided by 945?
804
What is the remainder when 105688 is divided by 13210?
8
Calculate the remainder when 3348 is divided by 825.
48
Calculate the remainder when 6386 is divided by 29.
6
Calculate the remainder when 38824 is divided by 25.
24
What is the remainder when 932 is divided by 230?
12
What is the remainder when 94896 is divided by 325?
321
What is the remainder when 98745 is divided by 172?
17
What is the remainder when 44252 is divided by 12?
8
What is the remainder when 1608 is divided by 657?
294
What is the remainder when 68783 is divided by 8?
7
Calculate the remainder when 1148942 is divided by 574460.
22
Calculate the remainder when 99455 is divided by 11.
4
What is the remainder when 25843 is divided by 783?
4
Calculate the remainder when 10583 is divided by 191.
78
What is the remainder when 12488 is divided by 6238?
12
Calculate the remainder when 338983 is divided by 135